test common factor of 78265 and 19855.
55
What is the highest common factor of 29630754 and 54?
18
Calculate the highest common factor of 28476 and 197497332.
4068
Calculate the greatest common factor of 12 and 101339772.
12
Calculate the highest common divisor of 311870 and 54535.
65
Calculate the greatest common factor of 91050514 and 644.
46
What is the highest common divisor of 19360 and 897600?
1760
Calculate the highest common factor of 5125 and 14659550.
1025
What is the greatest common factor of 21681 and 17297496?
1971
What is the highest common divisor of 2835 and 672007?
7
What is the greatest common divisor of 990 and 2209878?
198
What is the highest common divisor of 164728977 and 42?
21
What is the highest common factor of 90678 and 40596?
102
Calculate the greatest common divisor of 523580 and 27260.
940
What is the greatest common divisor of 18419 and 1623584?
113
Calculate the highest common factor of 1000 and 166240.
40
What is the highest common factor of 1698 and 730353948?
1698
What is the greatest common factor of 715 and 1195139?
11
Calculate the highest common factor of 305197 and 2052.
19
Calculate the highest common divisor of 75394 and 4392080.
506
What is the greatest common divisor of 11 and 1079693120?
11
Calculate the highest common factor of 1213 and 1025.
1
What is the greatest common factor of 4253678 and 18070?
3614
What is the highest common factor of 33213200 and 520?
40
Calculate the greatest common divisor of 49719931 and 1103.
1103
What is the greatest common divisor of 25850 and 650?
50
What is the highest common divisor of 8 and 127203592?
8
Calculate the highest common divisor of 12433225 and 1449.
161
What is the greatest common factor of 6526820 and 26709?
307
Calculate the greatest common factor of 5003688 and 12540.
228
What is the highest common factor of 352 and 406362?
22
Calculate the highest common factor of 21425 and 1677325.
25
Calculate the greatest common divisor of 327 and 24587566.
109
Calculate the greatest common factor of 3419894588 and 19.
19
What is the highest common divisor of 7279013 and 40171?
139
What is the highest common factor of 9256 and 918836?
356
What is the highest common factor of 1102458 and 210?
42
Calculate the greatest common factor of 10158 and 23277057.
5079
Calculate the greatest common divisor of 1837168 and 54526.
398
Calculate the highest common divisor of 83 and 344191123.
83
Calculate the highest common factor of 95427 and 19017.
9
Calculate the highest common factor of 96921 and 104340841.
10769
What is the greatest common divisor of 7883667 and 18?
9
Calculate the greatest common factor of 154319 and 330.
11
What is the greatest common factor of 10912 and 1948474?
682
Calculate the greatest common factor of 549385 and 129865.
95
Calculate the greatest common factor of 2842 and 3116862.
406
Calculate the greatest common divisor of 12134479 and 79.
79
What is the highest common divisor of 74520096 and 252?
84
Calculate the greatest common factor of 2763724 and 92926.
194
What is the greatest common factor of 26269742 and 38?
38
Calculate the greatest common factor of 3105 and 120226815.
135
What is the greatest common divisor of 109113 and 13653?
111
Calculate the greatest common divisor of 11725 and 588175.
175
Calculate the greatest common divisor of 55342347 and 2139.
2139
What is the greatest common factor of 415 and 6521974?
83
Calculate the highest common factor of 103937 and 4738.
23
Calculate the greatest common divisor of 177831 and 10134.
9
Calculate the highest common divisor of 824585 and 44500.
445
Calculate the highest common divisor of 110 and 6044445.
55
Calculate the highest common divisor of 59025 and 2481411.
2361
Calculate the highest common divisor of 37512550 and 2634.
878
Calculate the highest common factor of 4584 and 941439.
573
What is the highest common divisor of 329610 and 42?
6
What is the greatest common factor of 17656 and 6968?
8
What is the greatest common factor of 13440 and 3370?
10
Calculate the greatest common factor of 205 and 465227.
41
Calculate the greatest common divisor of 3190 and 1853345340.
3190
Calculate the highest common factor of 9094 and 31.
1
Calculate the highest common divisor of 125623 and 73975.
269
What is the highest common divisor of 777126 and 574?
14
What is the highest common factor of 32037 and 298245?
177
Calculate the highest common divisor of 957 and 5649084.
87
What is the highest common factor of 5340 and 180492?
1068
Calculate the highest common factor of 743895 and 52155.
2745
Calculate the greatest common factor of 1639213 and 49625.
397
Calculate the highest common factor of 85690 and 919630.
410
Calculate the greatest common divisor of 451962 and 162.
18
What is the greatest common divisor of 124 and 18334578?
62
What is the greatest common factor of 558 and 115597047?
93
Calculate the greatest common factor of 579231871 and 1343.
1343
Calculate the highest common factor of 4234752 and 8896.
64
What is the highest common divisor of 5812506 and 252?
126
Calculate the highest common factor of 308842 and 77462.
1006
Calculate the highest common factor of 5351 and 1.
1
Calculate the highest common factor of 17056 and 1669356.
2132
What is the greatest common factor of 156 and 1898376?
12
Calculate the highest common factor of 1053 and 4243995.
81
Calculate the highest common factor of 36 and 19546512.
12
What is the greatest common divisor of 21835681 and 7?
7
Calculate the greatest common factor of 194025 and 223275.
975
What is the highest common divisor of 7016726 and 62?
62
Calculate the highest common factor of 792 and 160471608.
264
Calculate the highest common divisor of 5218499 and 66924.
143
What is the highest common factor of 86 and 37664474?
86
Calculate the greatest common factor of 142961 and 7371.
91
Calculate the highest common divisor of 316 and 14150638.
158
What is the highest common factor of 8 and 510001048?
8
Calculate the highest common divisor of 362 and 224648.
2
Calculate the highest common divisor of 159517899 and 835.
167
What is the greatest common divisor of 92308 and 1634378?
94
What is the highest common factor of 289895522 and 98?
14
What is the highest common factor of 230 and 1826290965?
115
What is the highest common factor of 17296 and 4491696?
752
Calculate the greatest common factor of 37236747 and 690.
69
What is the greatest common factor of 279 and 2833834?
31
What is the greatest common factor of 560 and 122650640?
560
What is the greatest common divisor of 285210 and 15948?
18
What is the highest common factor of 7045798 and 1432?
358
Calculate the highest common divisor of 9331467 and 15.
3
Calculate the highest common factor of 1940 and 52043410.
970
Calculate the greatest common factor of 5544 and 3325896.
504
What is the greatest common factor of 8947042 and 1066?
26
What is the greatest common divisor of 3140498236 and 268?
268
Calculate the greatest common factor of 3528 and 1744176.
168
What is the greatest common divisor of 3380778 and 56457?
3321
What is the highest common factor of 31 and 24281277?
31
What is the highest common factor of 8001 and 212979?
381
Calculate the highest common factor of 164688 and 137616.
2256
What is the greatest common divisor of 100589 and 574498?
1037
What is the highest common divisor of 7095 and 577005?
165
What is the greatest common factor of 1020261845 and 718?
359
Calculate the highest common divisor of 1945 and 144624365.
1945
What is the greatest common divisor of 5786 and 416548?
22
What is the greatest common factor of 2587440 and 120?
120
What is the highest common divisor of 443155 and 74955?
1315
What is the highest common divisor of 28260 and 67295538?
2826
Calculate the highest common divisor of 91768 and 466789403.
11471
What is the highest common factor of 183 and 96169611?
183
What is the highest common factor of 5037 and 958782?
219
Calculate the greatest common factor of 498547 and 39326.
7
What is the highest common factor of 1620 and 7663788?
108
What is the highest common divisor of 36 and 33980196?
12
What is the highest common divisor of 16905618 and 10152?
2538
What is the highest common factor of 9 and 682863?
3
Calculate the highest common factor of 297 and 3302722863.
29